{"id":190,"date":"2018-09-08T17:49:50","date_gmt":"2018-09-08T17:49:50","guid":{"rendered":"http:\/\/www.crtprotransito.com.br\/?page_id=190"},"modified":"2018-09-10T00:23:16","modified_gmt":"2018-09-10T00:23:16","slug":"boas-vindas","status":"publish","type":"page","link":"https:\/\/www.crtprotransito.com.br\/?page_id=190","title":{"rendered":"boas vindas"},"content":{"rendered":"\t\t<div data-elementor-type=\"wp-post\" data-elementor-id=\"190\" class=\"elementor elementor-190 elementor-bc-flex-widget\">\n\t\t\t\t\t\t<section class=\"elementor-section elementor-top-section elementor-element elementor-element-0b1849a elementor-section-boxed elementor-section-height-default elementor-section-height-default\" data-id=\"0b1849a\" data-element_type=\"section\" data-e-type=\"section\">\n\t\t\t\t\t\t<div class=\"elementor-container elementor-column-gap-default\">\n\t\t\t\t\t<div class=\"elementor-column elementor-col-100 elementor-top-column elementor-element elementor-element-0993ca5\" data-id=\"0993ca5\" data-element_type=\"column\" data-e-type=\"column\">\n\t\t\t<div class=\"elementor-widget-wrap elementor-element-populated\">\n\t\t\t\t\t\t<div class=\"elementor-element elementor-element-cafeb48 elementor-widget elementor-widget-text-editor\" data-id=\"cafeb48\" data-element_type=\"widget\" data-e-type=\"widget\" data-widget_type=\"text-editor.default\">\n\t\t\t\t<div class=\"elementor-widget-container\">\n\t\t\t\t\t\t\t\t\t<p><span style=\"color: #000000;\"><strong>Seja bem vindo ao novo conceito de forma\u00e7\u00e3o e capacita\u00e7\u00e3o de profissionais vinculados e comprometidos\u00a0<\/strong><\/span><span style=\"color: #000000;\"><strong>Com o Tr\u00e2nsito.\u00a0O Centro Educacional Pr\u00f3-Tr\u00e2nsito com nova metodologia e com uma proposta pedag\u00f3gica diferenciada, facilita sua forma\u00e7\u00e3o e capacita\u00e7\u00e3o de forma simplificada alternando as sensa\u00e7\u00f5es de ensinar e aprender.<\/strong><\/span><\/p><p><span style=\"color: #000000;\"><strong>Fruto de anos de experi\u00eancia, o Centro Educacional Pr\u00f3-Tr\u00e2nsito, surgiu da necessidade de atender a demanda mercadol\u00f3gica regional, facilitando o acesso aos cursos da \u00e1rea de Tr\u00e2nsito com o melhor custo e beneficio para todos do Sul de Minas.<\/strong><\/span><\/p><p><span style=\"color: #000000;\"><strong>Nossa proposta \u00e9 o aperfei\u00e7oamento da aprendizagem com a melhor did\u00e1tica, garantindo a inser\u00e7\u00e3o dos formandos no mercado de trabalho de forma facilitado e com credibilidade.<\/strong><\/span><\/p><p><span style=\"color: #000000;\"><strong>Estamos instalados no Centro da cidade de Pouso Alegre\/MG, \u00e0 Rua Cel. Jos\u00e9 In\u00e1cio, n.\u00ba 18, com salas extremamente arejadas, com total respeito \u00e0s medidas\u00a0 de ergonomia e com alta tecnologia audiovisual para facilitar a aprendizagem\u00a0 com comodidade.<\/strong><\/span><\/p><p><span style=\"color: #000000;\"><strong>Disponibilizamos cursos em v\u00e1rias modalidades e hor\u00e1rios para que voc\u00ea possa usufruir da melhor rela\u00e7\u00e3o custo \/ beneficio \/ disponibilidade \/ necessidade,<\/strong><\/span><\/p><p><span style=\"color: #000000;\"><strong>Junte-se \u00e0 n\u00f3s e seja um Profissional de Sucesso.<\/strong><\/span><\/p>\t\t\t\t\t\t\t\t<\/div>\n\t\t\t\t<\/div>\n\t\t\t\t\t<\/div>\n\t\t<\/div>\n\t\t\t\t\t<\/div>\n\t\t<\/section>\n\t\t\t\t<\/div>\n\t\t","protected":false},"excerpt":{"rendered":"<p>Seja bem vindo ao novo conceito de forma\u00e7\u00e3o e capacita\u00e7\u00e3o de profissionais vinculados e comprometidos\u00a0Com o Tr\u00e2nsito.\u00a0O Centro Educacional Pr\u00f3-Tr\u00e2nsito com nova metodologia e com uma proposta pedag\u00f3gica diferenciada, facilita &#8230;<\/p>\n","protected":false},"author":1,"featured_media":0,"parent":0,"menu_order":0,"comment_status":"closed","ping_status":"closed","template":"","meta":{"_joinchat":[],"footnotes":""},"class_list":["post-190","page","type-page","status-publish","hentry"],"_links":{"self":[{"href":"https:\/\/www.crtprotransito.com.br\/index.php?rest_route=\/wp\/v2\/pages\/190","targetHints":{"allow":["GET"]}}],"collection":[{"href":"https:\/\/www.crtprotransito.com.br\/index.php?rest_route=\/wp\/v2\/pages"}],"about":[{"href":"https:\/\/www.crtprotransito.com.br\/index.php?rest_route=\/wp\/v2\/types\/page"}],"author":[{"embeddable":true,"href":"https:\/\/www.crtprotransito.com.br\/index.php?rest_route=\/wp\/v2\/users\/1"}],"replies":[{"embeddable":true,"href":"https:\/\/www.crtprotransito.com.br\/index.php?rest_route=%2Fwp%2Fv2%2Fcomments&post=190"}],"version-history":[{"count":4,"href":"https:\/\/www.crtprotransito.com.br\/index.php?rest_route=\/wp\/v2\/pages\/190\/revisions"}],"predecessor-version":[{"id":234,"href":"https:\/\/www.crtprotransito.com.br\/index.php?rest_route=\/wp\/v2\/pages\/190\/revisions\/234"}],"wp:attachment":[{"href":"https:\/\/www.crtprotransito.com.br\/index.php?rest_route=%2Fwp%2Fv2%2Fmedia&parent=190"}],"curies":[{"name":"wp","href":"https:\/\/api.w.org\/{rel}","templated":true}]}}