{"id":90,"date":"2018-09-08T06:33:29","date_gmt":"2018-09-08T06:33:29","guid":{"rendered":"http:\/\/www.crtprotransito.com.br\/?page_id=90"},"modified":"2025-11-12T00:31:19","modified_gmt":"2025-11-12T00:31:19","slug":"pre-matricula-autoescola","status":"publish","type":"page","link":"https:\/\/www.crtprotransito.com.br\/?page_id=90","title":{"rendered":"Pr\u00e9-matricula"},"content":{"rendered":"<div class=\"wpforms-container wpforms-container-full\" id=\"wpforms-83\"><form id=\"wpforms-form-83\" class=\"wpforms-validate wpforms-form\" data-formid=\"83\" method=\"post\" enctype=\"multipart\/form-data\" action=\"\/index.php?rest_route=%2Fwp%2Fv2%2Fpages%2F90\" data-token=\"b858c8c63dd97895994057bfb1da9239\" data-token-time=\"1777812981\"><noscript class=\"wpforms-error-noscript\">Ative o JavaScript no seu navegador para preencher este formul\u00e1rio.<\/noscript><div class=\"wpforms-field-container\"><div id=\"wpforms-83-field_10-container\" class=\"wpforms-field wpforms-field-text\" data-field-id=\"10\"><label class=\"wpforms-field-label\" for=\"wpforms-83-field_10\">Nome <span class=\"wpforms-required-label\">*<\/span><\/label><input type=\"text\" id=\"wpforms-83-field_10\" class=\"wpforms-field-medium wpforms-field-required\" name=\"wpforms[fields][10]\" required><\/div><div id=\"wpforms-83-field_16-container\" class=\"wpforms-field wpforms-field-text wpforms-one-half wpforms-first\" data-field-id=\"16\"><label class=\"wpforms-field-label\" for=\"wpforms-83-field_16\">Cidade onde mora <span class=\"wpforms-required-label\">*<\/span><\/label><input type=\"text\" id=\"wpforms-83-field_16\" class=\"wpforms-field-medium wpforms-field-required\" name=\"wpforms[fields][16]\" required><\/div><div id=\"wpforms-83-field_9-container\" class=\"wpforms-field wpforms-field-text wpforms-one-half wpforms-firstwpforms-one-half\" data-field-id=\"9\"><label class=\"wpforms-field-label\" for=\"wpforms-83-field_9\">Telefone Fixo<\/label><input type=\"text\" id=\"wpforms-83-field_9\" class=\"wpforms-field-medium\" name=\"wpforms[fields][9]\" ><\/div><div id=\"wpforms-83-field_15-container\" class=\"wpforms-field wpforms-field-text wpforms-one-halfwpforms-one-half wpforms-firstwpforms-one-half wpforms-first\" data-field-id=\"15\"><label class=\"wpforms-field-label\" for=\"wpforms-83-field_15\">Celular <span class=\"wpforms-required-label\">*<\/span><\/label><input type=\"text\" id=\"wpforms-83-field_15\" class=\"wpforms-field-medium wpforms-field-required\" name=\"wpforms[fields][15]\" required><\/div><div id=\"wpforms-83-field_12-container\" class=\"wpforms-field wpforms-field-text wpforms-one-halfwpforms-one-halfwpforms-one-half\" data-field-id=\"12\"><label class=\"wpforms-field-label\" for=\"wpforms-83-field_12\">Whatsapp<\/label><input type=\"text\" id=\"wpforms-83-field_12\" class=\"wpforms-field-medium\" name=\"wpforms[fields][12]\" ><\/div><div id=\"wpforms-83-field_1-container\" class=\"wpforms-field wpforms-field-email\" data-field-id=\"1\"><label class=\"wpforms-field-label\" for=\"wpforms-83-field_1\">Email<\/label><input type=\"email\" id=\"wpforms-83-field_1\" class=\"wpforms-field-medium\" name=\"wpforms[fields][1]\" spellcheck=\"false\" ><\/div><div id=\"wpforms-83-field_7-container\" class=\"wpforms-field wpforms-field-select wpforms-field-select-style-classic\" data-field-id=\"7\"><label class=\"wpforms-field-label\" for=\"wpforms-83-field_7\">Escolha seu Curso <span class=\"wpforms-required-label\">*<\/span><\/label><select id=\"wpforms-83-field_7\" class=\"wpforms-field-medium wpforms-field-required\" name=\"wpforms[fields][7]\" required=\"required\"><option value=\"Atualiza\u00e7\u00e3o de Cargas Indivis\u00edves\"  class=\"choice-1 depth-1\"  >Atualiza\u00e7\u00e3o de Cargas Indivis\u00edves<\/option><option value=\"Atualiza\u00e7\u00e3o de Coletivo de Passageiros\"  class=\"choice-2 depth-1\"  >Atualiza\u00e7\u00e3o de Coletivo de Passageiros<\/option><option value=\"Atualiza\u00e7\u00e3o de Transporte de Emeg\u00eancia\"  class=\"choice-3 depth-1\"  >Atualiza\u00e7\u00e3o de Transporte de Emeg\u00eancia<\/option><option value=\"Atualiza\u00e7\u00e3o de Transporte Escolar\"  class=\"choice-4 depth-1\"  >Atualiza\u00e7\u00e3o de Transporte Escolar<\/option><option value=\"Atualiza\u00e7\u00e3o de MOPP\"  class=\"choice-5 depth-1\"  >Atualiza\u00e7\u00e3o de MOPP<\/option><option value=\"Atualiza\u00e7\u00e3o de Diretor de Ensino\"  class=\"choice-6 depth-1\"  >Atualiza\u00e7\u00e3o de Diretor de Ensino<\/option><option value=\"Curso de Dire\u00e7\u00e3o Defensiva\"  class=\"choice-7 depth-1\"  >Curso de Dire\u00e7\u00e3o Defensiva<\/option><option value=\"Curso de Dire\u00e7\u00e3o Defensiva e Primeiros Socorros\"  class=\"choice-8 depth-1\"  >Curso de Dire\u00e7\u00e3o Defensiva e Primeiros Socorros<\/option><option value=\"Forma\u00e7\u00e3o de MOPP\"  class=\"choice-9 depth-1\"  >Forma\u00e7\u00e3o de MOPP<\/option><option value=\"Forma\u00e7\u00e3o de Transporte Coletivo de Passageiros\"  class=\"choice-11 depth-1\"  >Forma\u00e7\u00e3o de Transporte Coletivo de Passageiros<\/option><option value=\"Forma\u00e7\u00e3o de Transporte Escolar\"  class=\"choice-13 depth-1\"  >Forma\u00e7\u00e3o de Transporte Escolar<\/option><option value=\"Forma\u00e7\u00e3o de Transporte de Emerg\u00eancia\"  class=\"choice-15 depth-1\"  >Forma\u00e7\u00e3o de Transporte de Emerg\u00eancia<\/option><option value=\"Forma\u00e7\u00e3o de Cargas Indivis\u00edveis\"  class=\"choice-17 depth-1\"  >Forma\u00e7\u00e3o de Cargas Indivis\u00edveis<\/option><option value=\"Curso de Legisla\u00e7\u00e3o Motorista Profissional\"  class=\"choice-19 depth-1\"  >Curso de Legisla\u00e7\u00e3o Motorista Profissional<\/option><option value=\"Curso de Monitor Escolar\"  class=\"choice-20 depth-1\"  >Curso de Monitor Escolar<\/option><option value=\"Curso de NR 06\"  class=\"choice-25 depth-1\"  >Curso de NR 06<\/option><option value=\"Curso de NR 11\"  class=\"choice-26 depth-1\"  >Curso de NR 11<\/option><option value=\"Curso de NR 16\"  class=\"choice-27 depth-1\"  >Curso de NR 16<\/option><option value=\"Curso de NR 20\"  class=\"choice-28 depth-1\"  >Curso de NR 20<\/option><option value=\"Curso de NR 35\"  class=\"choice-29 depth-1\"  >Curso de NR 35<\/option><option value=\"Curso Preventivo Reciclagem - MG\"  class=\"choice-30 depth-1\"  >Curso Preventivo Reciclagem - MG<\/option><option value=\"Curso de Primeiros Socorros\"  class=\"choice-31 depth-1\"  >Curso de Primeiros Socorros<\/option><option value=\"Curso de Reciclagem - MG\"  class=\"choice-32 depth-1\"  >Curso de Reciclagem - MG<\/option><option value=\"Curso de Taxista\"  class=\"choice-33 depth-1\"  >Curso de Taxista<\/option><\/select><\/div><div id=\"wpforms-83-field_13-container\" class=\"wpforms-field wpforms-field-select wpforms-field-select-style-classic\" data-field-id=\"13\"><label class=\"wpforms-field-label\" for=\"wpforms-83-field_13\">Per\u00edodo <span class=\"wpforms-required-label\">*<\/span><\/label><select id=\"wpforms-83-field_13\" class=\"wpforms-field-medium wpforms-field-required\" name=\"wpforms[fields][13]\" required=\"required\"><option value=\"Intensivo: de segunda a sexta-feira\"  class=\"choice-1 depth-1\"  >Intensivo: de segunda a sexta-feira<\/option><option value=\"Finais de semanas: s\u00e1bado e domingo (das 7 hs \u00e0s 16 hs)\"  class=\"choice-2 depth-1\"  >Finais de semanas: s\u00e1bado e domingo (das 7 hs \u00e0s 16 hs)<\/option><option value=\"Noturno: de segunda \u00e0 sexta-feira\"  class=\"choice-3 depth-1\"  >Noturno: de segunda \u00e0 sexta-feira<\/option><\/select><\/div><div id=\"wpforms-83-field_2-container\" class=\"wpforms-field wpforms-field-textarea\" data-field-id=\"2\"><label class=\"wpforms-field-label\" for=\"wpforms-83-field_2\">Escreva sua mensagem<\/label><textarea id=\"wpforms-83-field_2\" class=\"wpforms-field-medium\" name=\"wpforms[fields][2]\" ><\/textarea><\/div><\/div><!-- .wpforms-field-container --><div class=\"wpforms-field wpforms-field-hp\"><label for=\"wpforms-83-field-hp\" class=\"wpforms-field-label\">Comment<\/label><input type=\"text\" name=\"wpforms[hp]\" id=\"wpforms-83-field-hp\" class=\"wpforms-field-medium\"><\/div><div class=\"wpforms-submit-container\" ><input type=\"hidden\" name=\"wpforms[id]\" value=\"83\"><input type=\"hidden\" name=\"page_title\" value=\"\"><input type=\"hidden\" name=\"page_url\" value=\"https:\/\/www.crtprotransito.com.br\/index.php?rest_route=\/wp\/v2\/pages\/90\"><input type=\"hidden\" name=\"url_referer\" value=\"\"><button type=\"submit\" name=\"wpforms[submit]\" id=\"wpforms-submit-83\" class=\"wpforms-submit\" aria-live=\"assertive\" value=\"wpforms-submit\">ENVIAR<\/button><\/div><\/form><\/div>  <!-- .wpforms-container -->\n","protected":false},"excerpt":{"rendered":"","protected":false},"author":1,"featured_media":0,"parent":0,"menu_order":0,"comment_status":"closed","ping_status":"closed","template":"","meta":{"_joinchat":[],"footnotes":""},"class_list":["post-90","page","type-page","status-publish","hentry"],"_links":{"self":[{"href":"https:\/\/www.crtprotransito.com.br\/index.php?rest_route=\/wp\/v2\/pages\/90","targetHints":{"allow":["GET"]}}],"collection":[{"href":"https:\/\/www.crtprotransito.com.br\/index.php?rest_route=\/wp\/v2\/pages"}],"about":[{"href":"https:\/\/www.crtprotransito.com.br\/index.php?rest_route=\/wp\/v2\/types\/page"}],"author":[{"embeddable":true,"href":"https:\/\/www.crtprotransito.com.br\/index.php?rest_route=\/wp\/v2\/users\/1"}],"replies":[{"embeddable":true,"href":"https:\/\/www.crtprotransito.com.br\/index.php?rest_route=%2Fwp%2Fv2%2Fcomments&post=90"}],"version-history":[{"count":4,"href":"https:\/\/www.crtprotransito.com.br\/index.php?rest_route=\/wp\/v2\/pages\/90\/revisions"}],"predecessor-version":[{"id":611,"href":"https:\/\/www.crtprotransito.com.br\/index.php?rest_route=\/wp\/v2\/pages\/90\/revisions\/611"}],"wp:attachment":[{"href":"https:\/\/www.crtprotransito.com.br\/index.php?rest_route=%2Fwp%2Fv2%2Fmedia&parent=90"}],"curies":[{"name":"wp","href":"https:\/\/api.w.org\/{rel}","templated":true}]}}